 -1427*d**3 + 24*d**2 + 27*d + 3. Give p(-1).
1427
Let n(b) = -266*b + 9933. Determine n(34).
889
Let o(i) = i**3 - 540*i**2 + 40824*i + 3173. What is o(91)?
-12
Let k(g) = g**3 + 38*g**2 + 304*g - 521. Determine k(-25).
4
Let a(w) = w**3 + 125*w**2 + 371*w + 548. Determine a(-122).
-62
Let y(r) = 66*r + 587. What is y(3)?
785
Let n(t) = 51*t**2 - 233*t - 32348. What is n(-23)?
-10
Let p(u) = -234*u**2 + 479*u - 7. Determine p(2).
15
Let f(p) = -2055*p + 18517. Calculate f(9).
22
Let x(l) = 7*l**3 - 19*l**2 - 165*l + 794. What is x(4)?
278
Let m(i) = 18*i**2 - 1248*i - 5254. Give m(-4).
26
Let l(u) = 197*u**3 + 43142*u**2 - 161*u + 12702. Calculate l(-219).
0
Let c(k) = -136230*k - 7083966. Determine c(-52).
-6
Let r(a) = 50813*a + 508121. Determine r(-10).
-9
Let k(a) = -4*a**3 - 46*a**2 + 1467*a - 564. What is k(14)?
-18
Let k(v) = 91*v**3 + 25*v + 21. Give k(-1).
-95
Let q(f) = -189437*f - 1515542. What is q(-8)?
-46
Let k(z) = 22*z**3 + 7*z**2 - 686*z - 694. Give k(-1).
-23
Let n(d) = 827*d + 56370. Give n(-69).
-693
Let g(m) = 1537*m - 1438650. Calculate g(936).
-18
Let p(f) = 340*f**2 + 831*f + 514. Calculate p(-1).
23
Let p(t) = 160028*t + 9. Give p(0).
9
Let z(m) = -18*m + 12. Calculate z(22).
-384
Let a(z) = -1203*z + 75032. Calculate a(63).
-757
Let g(u) = -24*u**2 + 522*u + 25352. Give g(45).
242
Let r(y) = y**3 - 603*y**2 - 1305*y - 196. What is r(-2)?
-6
Let i(g) = 2*g**3 + 735*g**2 + 4313*g - 146. Give i(-6).
4
Let w(r) = -5*r**3 + 4265*r**2 + 29*r - 24738. What is w(853)?
-1
Let p(q) = 133*q**2 - 39*q - 5. Determine p(1).
89
Let r(m) = 359*m - 8901. Give r(27).
792
Let v(u) = 3*u**3 + 486*u**2 + 3072*u + 41190. What is v(-156)?
6
Let o(h) = -30*h**2 - 26*h - 29. Determine o(-2).
-97
Let x(l) = -169*l + 9204. What is x(49)?
923
Let w(g) = g**2 + 79*g + 2045. Calculate w(-30).
575
Let q(y) = -207*y**2 - 199*y + 16. Give q(-3).
-1250
Let h(v) = v**3 - 173*v**2 - 2629*v - 30. Determine h(-14).
124
Let i(x) = 290*x**2 + 3745*x - 328. Calculate i(-13).
-3
Let n(i) = 3*i**3 - 64*i**2 + 649*i - 1. What is n(16)?
6287
Let w(x) = x**3 - 637*x**2 + 19357*x + 1726. What is w(605)?
-89
Let g(n) = -n**3 + 143*n**2 - 98*n - 5737. Determine g(142).
511
Let d(z) = 66019*z - 330098. Calculate d(5).
-3
Let t(m) = -36*m**2 - 89*m - 53. Calculate t(-2).
-19
Let n(c) = 336179*c + 336186. Give n(-1).
7
Let v(u) = 71*u**2 + 16970*u + 90. Calculate v(-239).
-149
Let d(r) = 344*r**2 - 1702*r - 193. Give d(5).
-103
Let d(k) = 2894*k + 972383. Give d(-336).
-1
Let a(l) = 1176*l + 4204. What is a(-6)?
-2852
Let t(g) = -g**3 - 81*g**2 - 876*g + 354. What is t(-68)?
-190
Let d(u) = 15*u**2 - 5270*u + 5271. What is d(1)?
16
Let w(y) = -2*y**2 + 7244*y + 79940. Determine w(-11).
14
Let p(s) = 4604*s + 106066. Give p(-23).
174
Let o(p) = -20*p**2 - 148*p + 854. Give o(6).
-754
Let l(u) = u**3 - 152*u**2 - 5*u + 816. Give l(152).
56
Let u(k) = -775104*k - 21702920. Calculate u(-28).
-8
Let k(r) = r**3 - 2*r**2 + 10067*r - 40289. Give k(4).
11
Let b(l) = 2*l**2 + 4147*l + 33009. What is b(-8)?
-39
Let j(q) = 39*q + 1302. Calculate j(-18).
600
Let u(g) = -599*g - 92604. Give u(-154).
-358
Let t(s) = -8*s**3 + s**2 - 1995*s + 7970. Determine t(4).
-506
Let y(h) = -17*h**2 - 436*h - 3342. Calculate y(-8).
-942
Let h(n) = -356*n + 46014. Determine h(128).
446
Let r(j) = -j**3 - 535*j**2 - 5740*j - 9. Give r(-11).
-273
Let f(v) = -v**3 + 61*v**2 - 105*v - 613. Calculate f(59).
154
Let m(r) = -217*r**3 - 69*r**2 + 63*r + 5. Determine m(1).
-218
Let m(g) = -5676*g + 397327. What is m(70)?
7
Let l(g) = g**3 + 796*g**2 + 6216*g - 678. Give l(-8).
26
Let l(c) = -20*c**2 + 2087*c + 73003. Determine l(132).
7
Let z(d) = -5545*d - 6408. Determine z(-2).
4682
Let t(u) = 104626*u - 1046255. Give t(10).
5
Let d(h) = 2*h**3 + 6773*h**2 + 148031*h - 151. What is d(-22)?
3
Let b(a) = 23*a**3 + 91*a**2 + 6*a + 30. Give b(-4).
-10
Let u(a) = 15976*a - 591118. Determine u(37).
-6
Let a(m) = -321*m**2 + 2765*m + 4458. Determine a(10).
8
Let k(c) = 9*c**2 + 43*c + 359. Give k(-10).
829
Let s(n) = 190*n - 3323. What is s(18)?
97
Let v(g) = -g**3 - 71*g**2 - 704*g + 662. Give v(-13).
12
Let m(p) = -p**3 + 19*p**2 + 104*p - 282. What is m(23)?
-6
Let i(d) = 2*d**3 + 220*d**2 - 14752*d + 952. Determine i(-157).
10
Let d(k) = 105*k - 4564. Determine d(50).
686
Let i(g) = 21*g + 600. Give i(-14).
306
Let d(h) = 9610*h - 76778. Give d(8).
102
Let o(s) = 481*s - 1907. Give o(14).
4827
Let d(w) = 6474*w + 13105. Give d(-2).
157
Let v(n) = -n**2 + 60*n + 1162. Determine v(48).
1738
Let s(r) = -49*r**2 - 836*r + 2934. Determine s(3).
-15
Let c(l) = -2*l**2 + 933*l - 5541. What is c(6)?
-15
Let o(n) = -6137121*n + 67508331. Determine o(11).
0
Let p(t) = 2*t**2 + 110*t + 1030. Determine p(-13).
-62
Let n(p) = p**3 - 14*p**2 + 474*p - 4852. Calculate n(11).
-1
Let b(f) = -f**3 - 6*f**2 - 101*f - 254. Give b(-3).
22
Let f(r) = r**2 + 155*r + 5939. Give f(-66).
65
Let t(x) = -x**3 - 66*x**2 - 332*x + 726. Calculate t(-60).
-954
Let b(p) = 147836*p + 739186. What is b(-5)?
6
Let q(n) = 3*n**3 + 820*n**2 - 10026*n - 14527. Calculate q(-285).
8
Let p(m) = -62378*m**2 + 1122810*m - 115. What is p(18)?
-7
Let g(r) = 7*r**3 - 83*r**2 + 7546*r - 90672. Determine g(12).
24
Let g(v) = v**3 + 18*v**2 - 453*v - 8177. Give g(-21).
13
Let g(f) = -455*f + 222868. Determine g(490).
-82
Let l(f) = 1211173*f + 18167603. Give l(-15).
8
Let b(q) = 5*q**2 - 126*q + 1015. Give b(25).
990
Let m(b) = -b**3 + 29*b**2 + 160*b - 7266. Calculate m(25).
-766
Let x(p) = 23499*p - 893008. Give x(38).
-46
Let q(y) = -75*y + 8944. Calculate q(118).
94
Let b(y) = -6552*y + 104797. Give b(16).
-35
Let k(z) = -64316*z + 64210. What is k(1)?
-106
Let w(a) = -1165*a + 92013. Determine w(79).
-22
Let f(n) = -n**3 + 83*n**2 - 777*n + 788. Determine f(9).
-211
Let x(h) = -h**2 + 55*h + 1696. Give x(-18).
382
Let f(i) = -143*i**2 + 20874*i + 555. Calculate f(146).
-29
Let t(s) = 435*s + 4476. Determine t(-10).
126
Let b(d) = -40000*d + 120002. Give b(3).
2
Let v(o) = -958*o - 127455. Calculate v(-133).
-41
Let j(a) = -4793*a + 81309. Determine j(17).
-172
Let d(j) = 16*j**2 - 1303*j - 7823. Calculate d(-6).
571
Let u(b) = 3*b**3 + 193*b**2 - 560*b - 1608. Determine u(-67).
0
Let j(g) = 163*g + 18772. What is j(-118)?
-462
Let f(j) = 3*j**2 + 263*j - 186. Calculate f(-81).
-1806
Let u(c) = -83168*c - 415901. Determine u(-5).
-61
Let y(b) = -21*b + 91. Calculate y(-5).
196
Let h(w) = 4*w**3 + 175*w**2 + 126*w - 312. What is h(-43)?
-183
Let v(t) = 69656*t - 69884. Calculate v(1).
-228
Let r(a) = 4*a**3 - 32*a**2 - 189*a + 395. Determine r(11).
-232
Let h(l) = 106*l + 18237. Calculate h(-172).
5
Let n(m) = -8111*m - 82185. Give n(-10).
-1075
Let b(k) = -k**2 + 1267*k - 7619. Determine b(6).
-53
Let v(p) = -889*p + 151745. Determine v(171).
-274
Let z(b) = 18552*b + 1614110. What is z(-87)?
86
Let z(k) = 1110*k - 17748. Calculate z(16).
12
Let k(b) = 914*b - 158080. What is k(173)?
42
Let y(g) = -g**3 - 8*g**2 + 36465*g + 3. Give y(187).
3
Let o(p) = -16970*p - 271649. What is o(-16)?
-129
Let d(a) = -a**3 + 289*a**2 - 20262*a + 5455. Calculate d(170).
15
Let x(r) = 64434*r - 64428. Determine x(1).
6
Let d(u) = -7862*u + 15684. Give d(2).
-40
Let j(x) = 6292*x + 17666. Give j(-3).
-1210
Let s(m) = -m**2 - 23*m - 200. Determine s(10).
-530
Let j(x) = 40*x**3 + 4*x**2 + 1350*x + 2689. Give j(-2).
-315
Let m(t) = 40*t**2 + 742*t + 396. What is m(-18)?
0
Let u(l) = 3*l**2 - 145*l + 1972. Give u(25).
222
Let g(w) = 7*w**3 + 25*w**2 + 286*w + 2218. What is g(-7)?
-960
Let a(o) = 4*o**3 + 70*o**2 + 268*o + 3981. Calculate a(-17).
3
Let r(s) = -2*s**2 + 48*s + 4471. Calculate r(61).
-43
Let i(x) = -x**2 - 1621*x - 318760. Calculate i(-1392).
8
Let n(s) = -26363*s + 131598. Determine n(5).
-217
Let d(t) = -16*t**2 - 343*t - 148. What is d(-21)?
-1
Let l(v) = -v**2 - 3546*v + 1124834. Determine l(293).
7
Let t(l) = -2*l**2 + 213*l - 4287. What is t(80)?
-47
Let c(a) = 12089*a - 2091395. Give c(173).
2
Let b(a) = -1175*a**2 + 12*a - 33. Give b(1).
-1196
Let c(g) = 4*g**3 - 37*g**2 - 19*g + 434. What is c(8)?
-38
Let k(q) = 64*q + 1534. Calculate k(-24).
-2
Let l(g) = -60*g**2 + 3243*g + 17520. What is l(59)?
-3
Let u(h) = -2*h**3 - 23*h**2 - 44*h - 144.